
57
Let g(k) = k**3 + 9*k**2 + 7*k + 7. Let b be g(-8). Let p(v) = -2*v**3 + v + 14*v**2 - 17 + v**3 + b*v. Let h be p(15). Let m(o) = 2*o + 2. Calculate m(h).
-2
Let b(g) be the second derivative of 0 - 1/24*g**4 - 11*g**2 + 1/6*g**3 - 23*g. Let j(w) be the first derivative of b(w). Calculate j(6).
-5
Let j(y) = -80*y + 6960. Let u be j(87). Let l(r) be the second derivative of -r**4/12 + 2*r**2 + 2*r. Give l(u).
4
Let l be (0 + -1)*(-14)/(-2). Let q(w) = -w**2 - 1. Let t(y) = 9957 + 0*y**2 - 9951 + 8*y + 6*y**2. Let a(c) = 5*q(c) + t(c). Determine a(l).
-6
Let v(d) = d**2 + d + 2. Let w(h) = 6*h**2 + 5*h + 11. Let x = 0 - -11. Let s(c) = x*v(c) - 2*w(c). Let y be (9/48)/((-9)/8)*(-6)/(-1). Give s(y).
-2
Let j(d) = 5*d - 11. Let t be j(3). Suppose -n + t*a = -10 + 4, -n - 5*a = -6. Let z be (-16)/(-4) - 0 - n. Let l(h) = -2*h + 2. Give l(z).
6
Suppose 2*f + 6 = 0, 4*k - 8 = -4*f + 12. Suppose z - 14 = -6*z. Let h(d) = -4 + 2 - 5 + z*d. Give h(k).
9
Let k(d) = -2*d**2 - 45*d - 20. Let v(m) = -2*m**2 - 19*m + 164. Let q be v(6). Calculate k(q).
2
Let r(n) = n + 198 - 3*n + 6*n - 2*n - 179. Give r(-17).
-15
Let j(v) = 4*v - 123. Let t be j(25). Let z(u) = -u**2 - 22*u - 51. Calculate z(t).
-74
Let k(r) = r**2 + 5*r - 6. Let o = -220 + 171. Let t = o - -42. Calculate k(t).
8
Let p = -517 - -523. Suppose 2*h = 2*c + 3*c, -3*h = 4*c - 23. Let o(g) = h*g + 4*g - 5*g - p*g - 8. What is o(-6)?
4
Let o be (4 + -12)/(-48) - ((-268)/24)/(-1). Let a(b) = 13*b + 113. Determine a(o).
-30
Let r = -204809 - -204813. Let x(h) = 4*h + 0*h**3 - 6 - 5*h**2 + 0*h**3 + h**3. Give x(r).
-6
Suppose -76*v = -4*m - 77*v + 73, m = -7*v + 52. Let y(k) = k**2 - 14*k - 36. Give y(m).
15
Let w = -217 + 211. Let a(q) = -1. Let n(i) = -2*i + 1. Let b(p) = w*a(p) + n(p). Calculate b(-5).
17
Let u(w) = w. Let j(l) = -8*l - 28. Let k(v) = j(v) + 5*u(v). Let c be k(-10). Let g(n) = -35*n**2 - 29*n**2 + 9 + 63*n**c. Give g(0).
9
Let v(m) = 9*m - 2. Suppose -43*o + 169 = -64 + 18. Determine v(o).
43
Let j(t) = -190*t + 2464. Let z be j(13). Let b(i) = i**3 + 8*i**2 + 11*i + 8. Give b(z).
14
Let h(y) be the first derivative of 18 - 32/3*y**3 + y**2 + y. What is h(-1)?
-33
Let p(o) = 2*o - 13. Suppose 4*r = -b + 88, -6*r + 84 = -2*r + 2*b. Let g = r - 17. Let u be p(g). Let x(t) = 12*t**2 - 1. What is x(u)?
11
Suppose 53*w + 3276 = -129*w. Let f(o) = -o**3 - 18*o**2 - 4*o - 60. What is f(w)?
12
Let o = 53 - 37. Suppose -3*m = -m, 0 = t - m - o. Suppose t*l - 3 = -19. Let a(z) = -2*z - 1. Determine a(l).
1
Let o(f) = -3*f - 111. Let u(a) = -a**3 + 46*a**2 - 98*a + 2356. Let y be u(45). Calculate o(y).
-24
Let v(g) = -104*g - 31. Let i(t) = -235*t - 64. Let q(r) = -4*i(r) + 9*v(r). Determine q(16).
41
Let q(a) = -6*a - 1. Let n be q(-1). Let g be 1/2*(n - 5). Let c(y) = -1 + 1 - 5 - y**2 - 4. Give c(g).
-9
Let q(j) be the first derivative of -6*j - 4/3*j**3 + 5/2*j**2 - 1/4*j**4 + 121. Suppose -5*v + 26 + 4 = -4*g, 5*g - v + 27 = 0. What is q(g)?
-6
Let h(s) = s**3 - 6*s**2 - 2*s + 3. Suppose b - 507 = -3*c, -4*c - 2*b + 539 + 139 = 0. Suppose -186 = -3*g - c. Determine h(g).
-9
Let s(w) = -2199*w + 6586*w - 16 - 2198*w - 2193*w. What is s(5)?
-36
Let t be 13 - (4 + -20)/4. Suppose -13*j + 35 = -t. Suppose 8 = -4*y - j. Let c(x) = -x**3 - 3*x**2 - x - 2. Calculate c(y).
1
Let c = 10 + -18. Let d(z) = -11789*z + 5894*z + 5898*z - 1851 + 1855. Give d(c).
-20
Suppose 7*z - 3*z + 84 = 0. Let m be 9 + (z/14)/((-4)/(-8)). Let u(j) = -j**3 + 5*j**2 + 4*j + 8. Give u(m).
-4
Suppose -4*g = 4*y - y - 16, -20 = -5*g + 4*y. Let t(w) = -10*w + 2. Let b(h) = 9*h - 1. Let m(p) = g*b(p) + 3*t(p). Give m(4).
26
Let g(w) = w**3 - 2*w**2 - 620*w + 1859. Let o be g(3). Let v(f) = 3 + 0 + 0*f - 5*f. Let b(q) = -6*q + 4. Let x(p) = -6*b(p) + 7*v(p). Calculate x(o).
5
Let u be -2 + (3*-1 - (-14 + 12)). Let m(q) = 12*q - 16. Let v(z) = -4*z + 6. Let t(g) = u*m(g) - 8*v(g). Calculate t(2).
-8
Let u(m) = -7. Let g(z) = z. Let c(l) = -3*g(l) + u(l). Let n(y) = 20*y + 1155. Let p be n(-58). Calculate c(p).
8
Let n(h) be the second derivative of 0 + 0*h**2 - 1/12*h**4 - 22*h - 1/2*h**3. Suppose 2*o + 24 = -4*s, -5 = o + s + 2. Determine n(o).
2
Let z(v) = -6*v + 316. Let i(t) = -t + 61. Let n(d) = 5*i(d) - z(d). What is n(-25)?
-36
Let w be 6/(-9) - 1/(3/(-17)). Let y be 24 + 16/(w + -9). Let a(q) = -12 + 31 + 4*q + 0*q - y + q**2. Calculate a(-3).
-4
Let v be (-5)/(-4)*6/(-315)*-21. Let a(u) be the first derivative of v*u**2 - 6 - 6*u. What is a(5)?
-1
Let q(p) be the first derivative of 136 + 3*p - 1/3*p**3 + 1/2*p**2. What is q(4)?
-9
Let z(f) = 32*f**2 + 11*f + 32. Let r(v) = -48*v**2 - 17*v - 52. Let h(u) = -5*r(u) - 8*z(u). Calculate h(1).
-15
Let p be (1 + -2)*(-3 + 2). Let y be p*4/12*15. Let t(d) = -7*d**2 + 11*d - 2. Let u(n) = 3*n**2 - 5*n. Let i(h) = -2*t(h) - 5*u(h). Calculate i(y).
-6
Let s(c) = 50*c**3 + 14*c**2 + 83*c - 97. Let l(a) = 9*a**3 + 3*a**2 + 15*a - 19. Let y(b) = 11*l(b) - 2*s(b). Give y(4).
-3
Let z(r) be the first derivative of -4/3*r**3 - 1 + 0*r**2 - r. Let c be (5136/(-60) - -85) + (-14)/10. Give z(c).
-17
Let f(j) = -j - 3. Let i be (-16)/20*(2 - -8). Let q be ((-5)/(-10) + -1)*i. Suppose 0 = d - 5, -2*y + 7*y = q*d. Calculate f(y).
-7
Let w be -12 + (-197 - -8)/(-21). Suppose 0 = -3*c + 3*v + 5 + 7, 0 = 3*v + 9. Let m(f) = c + f**2 - f - 2*f**2 + 2*f. Give m(w).
-11
Let l(a) = -4*a**2 - 43*a + 11. Let k be l(-14). Let f = 167 + k. Let r(d) = -3*d + 4. What is r(f)?
16
Let z(k) = -5*k**3 + 12*k**2 + 7*k + 5. Suppose 53*t + 177 = 230*t. Let i(q) = -q**3 + 1 - q**2 + 0*q**2 + 2*q**3. Let y(x) = t*z(x) + 4*i(x). What is y(9)?
-9
Let n be 737/268 + 1/4. Let y(u) be the second derivative of -5/6*u**n + 0 + 5/2*u**2 - 7*u - 1/2*u**4 - 1/20*u**5. What is y(-5)?
5
Let z(c) be the second derivative of -7*c**3/6 + 19*c**2/2 + c - 1089. Calculate z(7).
-30
Let w(p) = -3*p - p**2 + 2*p - 6*p - p + 4. Let x be 20 + -12 - 0 - 16. Give w(x).
4
Let p(k) = 8*k + 3. Let f(q) = -15*q - 5. Let r(i) = -3*f(i) - 5*p(i). Let s = 53 + -51. Suppose -3*g + 2*x - 15 = -8*g, -s*g + 4*x - 18 = 0. Determine r(g).
5
Let u(x) = -x**3 - 14*x**2 + 36*x + 21. Let a be ((-6)/(-1))/(36/(-96)). Give u(a).
-43
Let d(b) be the second derivative of b**4/2 - 67*b**3/6 + 3*b**2 - 1416*b. Determine d(11).
-5
Let x(v) be the first derivative of 0*v - 42 + 1/2*v**2. Calculate x(-8).
-8
Let z(f) = -f + 4. Let r(a) = -a + 10. Let m = -11 + 20. Let b be r(m). Let l(n) = 1. Let x(p) = b*z(p) + 3*l(p). Determine x(5).
2
Suppose -446*y + 555*y = -109. Let w(x) = -4*x**2 - x - 2. Calculate w(y).
-5
Let s(o) = 25*o**2. Let w be (-20)/170 + 87/17. Suppose -w*z = 5*m - 10, -5*m - 4*z = -7 - 2. Determine s(m).
25
Let t(n) = -3*n + 12. Let c be t(-5). Let y be c/(-18)*(2 - 0). Let j(l) = -5*l - 1. Let s(r) = 6*r + 1. Let h(b) = y*j(b) - 2*s(b). Give h(3).
10
Let o be -1 - (4 - 2) - 8/(-72)*0. Let s(c) = c**2 + 5*c + 1. Determine s(o).
-5
Let p(b) = -b**3 + 33*b**2 + 106*b + 76. Let n be p(36). Suppose -c = -4*c - j - 35, -4*c + n*j = 36. Let r(z) = z**3 + 13*z**2 + 22*z - 4. What is r(c)?
-4
Let t = -309 + 316. Let q(y) = -98 - t*y + y + 52 + 43. What is q(-5)?
27
Let i(f) = f**2 - f - 1. Let x be -1*((9 - 5) + -24). Suppose 0 = x*g - 10 - 30. Suppose -k + 22 = 5*q, -2 = -3*q + 4*k + g. What is i(q)?
11
Let i(q) = -4*q + 1. Let k(c) = -c**3 - 5*c**2 - 5*c - 7. Let h be k(-5). Suppose 20*b - 6 = h*b. Let u be b*(4/(-18) - 8/(-9)). Determine i(u).
-7
Let l(w) = -w**3 + 5*w**2 + 3*w - 3. Let u = -1454 - -1459. Determine l(u).
12
Let o(h) be the first derivative of -h**6/360 - h**5/120 + h**4/12 - h**3 + 6. Let p(m) be the third derivative of o(m). Let u = -22 + 22. Calculate p(u).
2
Suppose -3*y + 648 + 1329 = 0. Let z(c) = c**3 + y*c - 1 - c**2 + 7*c**2 - 665*c. What is z(-7)?
-8
Suppose -2*z + 1 = l - 5, 0 = 4*z + 4*l - 8. Let m(w) = 5*w**2 + 4*w + 9. Let p(a) = 2*a**2 + 2*a + 4. Let q(s) = 3*m(s) - 7*p(s). Calculate q(z).
7
Let c(l) = 3*l**2 - 3*l - 14. Let z be (6/(-10) + 190/150)/(2/(-6)). Determine c(z).
4
Let m(a) = -2*a + 2. Let w(s) = -10*s - 37. Let p(q) = -19*q - 74. Let n(d) = 3*p(d) - 5*w(d). Let y be n(-6). Give m(y).
-8
Let u(j) = 41*j**2. Let v(g) = 22*g**3 - g**2 + g - 1. Let r be v(0). Calculate u(r).
41
Let l(p) = -7*